t common divisor of 37871918 and 14?
14
Calculate the greatest common divisor of 41598690 and 3164.
1582
What is the highest common factor of 620316 and 1683?
9
What is the greatest common factor of 4736888 and 3663?
37
Calculate the highest common divisor of 448051 and 16.
1
What is the greatest common divisor of 1197487 and 28003?
41
Calculate the highest common factor of 393 and 440421.
3
Calculate the highest common factor of 681105 and 80.
5
What is the highest common divisor of 1670967 and 2732013?
3609
Calculate the highest common factor of 281998 and 7947358.
1558
Calculate the greatest common divisor of 12089 and 42390.
157
What is the greatest common divisor of 155311 and 27?
1
Calculate the greatest common divisor of 30004 and 702416.
52
Calculate the greatest common factor of 1583601365 and 22196.
5549
Calculate the greatest common divisor of 1383576 and 1536.
24
What is the greatest common divisor of 10200 and 10298520?
120
What is the greatest common factor of 2736 and 153664362?
342
What is the greatest common divisor of 35406 and 250740?
126
What is the highest common factor of 5097 and 16349477?
1699
What is the highest common divisor of 171 and 1143459?
9
Calculate the greatest common factor of 745 and 88095356.
149
Calculate the greatest common divisor of 10905832 and 148092.
1204
Calculate the highest common divisor of 198 and 4763331.
9
Calculate the highest common factor of 103672915 and 85.
5
Calculate the highest common divisor of 10 and 562274.
2
Calculate the greatest common factor of 47 and 98341296.
47
What is the greatest common divisor of 234 and 16133715?
117
What is the highest common factor of 6977649 and 7203?
1029
Calculate the highest common divisor of 1896096 and 2400.
96
Calculate the greatest common divisor of 2981075 and 1100.
25
Calculate the highest common divisor of 45 and 1395660.
15
What is the greatest common divisor of 1472 and 3065808?
368
What is the highest common factor of 80 and 20562040?
40
Calculate the greatest common factor of 4560 and 250144.
16
Calculate the highest common factor of 2345 and 394730.
35
Calculate the greatest common divisor of 15 and 145239225.
15
What is the greatest common divisor of 120 and 219728440?
40
What is the highest common factor of 6847296 and 981312?
3648
What is the greatest common divisor of 12165404 and 2380?
68
Calculate the highest common divisor of 1450 and 39161600.
1450
Calculate the greatest common factor of 94859 and 12832133.
3271
What is the greatest common divisor of 5970 and 1230085?
5
What is the greatest common factor of 28718022 and 1578?
1578
Calculate the highest common divisor of 103306 and 8833762.
2198
Calculate the highest common factor of 409825564 and 29.
29
What is the greatest common factor of 1313436 and 534?
6
Calculate the greatest common divisor of 218 and 30482068.
218
Calculate the greatest common factor of 308059495 and 622.
311
What is the highest common factor of 12896103 and 2673?
33
What is the greatest common divisor of 3390 and 2624730?
30
What is the highest common factor of 229 and 159079?
1
Calculate the highest common factor of 3795 and 5174400.
165
What is the highest common factor of 1313 and 3652714?
13
What is the highest common factor of 59438 and 1171358?
226
Calculate the highest common factor of 48 and 74290344.
24
Calculate the highest common factor of 2997 and 2957373.
333
What is the highest common factor of 300849039 and 138?
69
Calculate the greatest common divisor of 11121290 and 30.
10
Calculate the greatest common divisor of 64638 and 5313654.
1026
Calculate the highest common divisor of 26712 and 6122984.
2968
Calculate the highest common divisor of 90 and 21074070.
30
What is the highest common factor of 584577 and 2226?
21
Calculate the greatest common factor of 1104 and 404961.
69
What is the highest common factor of 12150 and 1837350?
1350
Calculate the highest common divisor of 1029656 and 1101413.
1139
Calculate the greatest common divisor of 2580 and 19290.
30
Calculate the greatest common factor of 13105674 and 612.
306
Calculate the greatest common factor of 4046 and 109004.
238
Calculate the greatest common factor of 10806 and 136482.
6
What is the highest common factor of 20 and 345384415?
5
Calculate the highest common divisor of 416 and 293329504.
416
What is the highest common divisor of 2764842 and 14299?
79
Calculate the greatest common divisor of 406018 and 878.
2
Calculate the greatest common factor of 12474 and 2071839.
231
Calculate the highest common factor of 214705 and 47840.
115
Calculate the greatest common factor of 6 and 6223311.
3
Calculate the highest common divisor of 30366 and 671076.
126
Calculate the highest common factor of 61785856 and 296.
296
What is the greatest common divisor of 59966429 and 221?
17
Calculate the greatest common divisor of 505 and 2771642.
101
Calculate the highest common divisor of 5744100 and 126075.
3075
What is the greatest common divisor of 2560 and 1834280?
40
Calculate the greatest common factor of 1443 and 869198265.
1443
What is the greatest common factor of 583944180 and 15855?
2265
Calculate the greatest common divisor of 12887645 and 2225.
445
Calculate the greatest common factor of 2816 and 18090281.
11
Calculate the highest common factor of 70 and 14509082.
14
What is the highest common divisor of 83519583 and 861?
861
What is the highest common factor of 244 and 6537736?
244
Calculate the highest common divisor of 169 and 247348231.
169
What is the highest common divisor of 5848 and 3073296?
344
Calculate the highest common divisor of 507687439 and 119.
119
Calculate the highest common factor of 49 and 19517729.
49
What is the highest common divisor of 1383388 and 24?
4
Calculate the highest common factor of 119002 and 7429.
23
Calculate the greatest common divisor of 506810966 and 2096.
262
Calculate the greatest common factor of 16 and 629908.
4
What is the greatest common divisor of 8329920 and 195?
15
What is the greatest common divisor of 1137615 and 1162047?
1527
What is the highest common factor of 917495220 and 1860?
1860
What is the greatest common factor of 493272 and 95625?
153
What is the highest common divisor of 212 and 72888356?
212
What is the highest common divisor of 8991336 and 132?
12
Calculate the highest common divisor of 390540 and 3360.
60
What is the highest common factor of 1844 and 21812676?
1844
What is the highest common factor of 46 and 25279070?
46
Calculate the greatest common divisor of 26121777 and 33.
33
What is the greatest common divisor of 253 and 871381841?
253
What is the greatest common divisor of 559559232 and 256?
64
What is the greatest common factor of 8 and 7990852?
4
What is the greatest common factor of 27174 and 9444?
6
What is the greatest common divisor of 118580 and 7580?
20
What is the highest common divisor of 432768 and 184368?
1104
What is the highest common factor of 49513032 and 58424?
872
What is the highest common factor of 1122 and 5629278?
102
What is the highest common divisor of 30 and 312482205?
15
Calculate the highest common divisor of 18 and 59874246.
18
What is the highest common divisor of 13867295 and 10985?
845
Calculate the greatest common divisor of 8763 and 3210179.
2921
Calculate the greatest common factor of 3567 and 925944.
123
What is the greatest common factor of 111210 and 66793400?
3370
Calculate the highest common factor of 3550795 and 3745.
535
What is the greatest common factor of 275 and 675385?
5
What is the highest common factor of 5254845 and 7320?
915
Calculate the highest common divisor of 1147491 and 27.
9
What is the highest common factor of 48610 and 2780?
10
What is the highest common factor of 3961503 and 720713?
4837
What is the greatest common factor of 1020933 and 72?
9
What is the highest common factor of 312 and 148077192?
24
What is the highest common factor of 62 and 209043881?
31
Calculate the highest common divisor of 88 and 31768.
88
Calculate the highest common divisor of 507996 and 8988.
12
What is the highest common factor of 25347 and 902694?
213
Calculate the greatest common factor of 10044 and 25327.
31
What is the highest common divisor of 53743289 and 40667?
3697
Calculate the greatest common divisor of 63 and 3